*2 + 11*u - 12. Let d(r) = 2*i(r) + 5*m(r). Determine d(-6).
52
Let i(c) = -c**3 + c**2 - 4. Suppose 156 = -10*u + 5*u + 4*f, -2*u - 61 = -3*f. Let z = u - -21. Let j = z - -11. Calculate i(j).
-4
Let o(m) = -m**2 - m. Let i = 8 + -8. Suppose -10 = -5*z - i. Calculate o(z).
-6
Suppose 2*l + 3 = -25. Let q be (-91)/l - 1/(-2). Let u(g) = -g**3 + 7*g**2 - g + 5. Calculate u(q).
-2
Suppose 53 = -5*y + 5*v - 2*v, -v = -5*y - 51. Let x(z) = z**2 + 10*z + 23. Calculate x(y).
23
Let i(n) = 40*n - 56. Let o(m) = -11*m + 16. Let b(f) = 5*i(f) + 18*o(f). Calculate b(-7).
-6
Suppose -44 = -15*m + 11*m. Let z = m + -10. Suppose 3*x + 20 = -2*t + 1, -t + z = -2*x. Let g(o) = 3*o - 2. Determine g(x).
-11
Let y(f) = -f. Let u be ((-4)/10)/((-4)/(-20)). Let l be y(u). Let d(q) = 2 + 7*q + q**l - 7*q. Determine d(2).
6
Let q be (0 + 4 - 5) + (-1 - 2). Let n(g) = 3*g**2 - 6*g + 11. Let i(b) = 2*b**2 - 3*b + 6. Let r(y) = -5*i(y) + 3*n(y). Give r(q).
-1
Let s(k) = 5 + 4*k - 2*k**2 - k**2 + k**2. Let d be (-1008)/171 + 6 - 9/((-171)/74). Calculate s(d).
-11
Let h(f) = -5*f + 13. Let t(j) = j. Let d(b) = -h(b) - 6*t(b). Determine d(-6).
-7
Let n(g) = -2*g + 12. Let a(r) = r - 6. Let f(y) = 13*a(y) + 6*n(y). What is f(8)?
2
Let l be (-9)/(-54)*-3*-12. Let q(w) = -2*w**2 + 12*w - 8. Give q(l).
-8
Let i(g) = g**2 + g - 7. Let p(w) = 48*w + 195. Let h be p(-4). Give i(h).
5
Let x(z) = 2*z + 4. Suppose 0*j - 5*s - 17 = -j, 0 = 5*j - 4*s - 148. Let t = j + -29. Let o be -2*(t - 5) - 10. Give x(o).
-8
Suppose -5*u + 23 = -22. Let x be (-4)/((-12)/u) - -2. Let y(r) = 2*r**3 - 4*r + 5 + 6*r**3 - 7*r**3 + x*r**2. Determine y(-6).
-7
Let l(j) = -j**2 + 13*j - 20. Let y be l(12). Let i(u) = -u**2 - 7*u. Determine i(y).
-8
Let l(z) = -z**3 + 2*z**2 + 7*z - 2. Let d = -75 + 79. What is l(d)?
-6
Suppose 5*u - 2*u - 12 = 0. Suppose -3*c - u*a + 10 = 0, -a = 4*c - 0*c - 9. Let q(f) be the second derivative of f**4/12 + f**3/6 + f**2 + f. Give q(c).
8
Let g = 100 - 98. Let l(t) = -7*t + 7. Calculate l(g).
-7
Let k(h) = -1635*h + 14 + 3261*h - 1630*h. Determine k(3).
2
Let j = -750 + 736. Let d(b) = 2*b + 23. What is d(j)?
-5
Let b(s) = s - 2. Suppose -20*o + 15 = 95. Calculate b(o).
-6
Let z be 5 - (-1 + 3 - -1). Let n(k) = -z - 1 + 4*k - k. Let w = -5 + 9. What is n(w)?
9
Let n(x) = -3*x**3 - 21*x**2 - x - 5. Let g be n(-7). Let p = 9 - g. Let v(o) = 4*o - 5. Determine v(p).
23
Let q(m) = -71964*m**3 - 2 - 18*m**2 + 71962*m**3 + 0. Give q(-9).
-2
Let k(s) be the first derivative of -2/3*s**3 - 29 - 3/2*s**2 + 0*s. Calculate k(-4).
-20
Let o(u) be the third derivative of u**4/24 + 4*u**3/3 - u**2. Suppose -3*q - 18 = 6. Let r be o(q). Let n(k) = -k**2 + k - 1. What is n(r)?
-1
Let i be 406/87*(-3)/2. Let q(l) = -l**2 - 4*l + 2. What is q(i)?
-19
Let a(p) = 2*p**2 + 6*p - 6. Let r(q) = -2*q**2 - 6*q + 5. Let g(b) = -3*a(b) - 4*r(b). What is g(-6)?
34
Let n be ((-135)/(-12))/(2/8). Let l = 40 - n. Let v(x) = x**3 + 5*x**2 + 5*x + 1. Determine v(l).
-24
Let q(r) = 6 - 2*r - r**3 - 7*r**2 - r + 2*r**2. Let n be q(-4). Let s(y) = 3 - 2 + 9*y**2 + 8*y + y**3 - 5 + n. Give s(-8).
-2
Suppose -2*r - 93 = -5*r. Let i = -108 + 131. Suppose u = -3*z + i, 5*u - r = -3*z + 2*z. Let l(m) = -m**2 + 4*m + 3. Give l(z).
-9
Let w(b) = -5*b + 11. Suppose -64 = 19*z - 11*z. Determine w(z).
51
Suppose 30 = 56*k - 50*k. Let t(y) = y**3 - 5*y**2 - 5*y - 7. What is t(k)?
-32
Let k(h) be the third derivative of h**5/120 + h**4/6 + 20*h**3/3 + 31*h**2. Let l(c) be the first derivative of k(c). Calculate l(-7).
-3
Suppose -3*c + 7*c + 3*h - 12 = 0, 2*h = 4*c - 12. Let v(n) = 2*n**2 - 4*n - 1. Let g(r) = r**3 - r**2 - r - 1. Let p(u) = -2*g(u) + v(u). Give p(c).
-23
Suppose -21 = -2*i - 15. Let q(p) = -p + 1 + 3 + 1 - 3. Give q(i).
-1
Let h(w) = 7*w**3 + 7*w**2 + 8*w - 5. Let d(x) = 4*x**3 + 3*x**2 + 4*x - 2. Let u(y) = 5*d(y) - 3*h(y). What is u(-5)?
0
Let r(h) = -h**2 - 36*h - 60. Let q(v) = -9*v - 15. Let m(n) = -9*q(n) + 2*r(n). Let z(s) = -s**2 + 4*s + 8. Let o(d) = 3*m(d) - 5*z(d). Give o(7).
5
Let k(v) = -5727*v**2 + 3*v + 13*v**3 + 5727*v**2 + 1 - 29*v**3. Calculate k(-1).
14
Let h be 8/6*6/4. Let p(s) = -5 + 1 + 4*s - 2*s**h + 7 + s**2. Determine p(4).
3
Let g(d) = -3*d - 1 + 4*d + 4*d + d. Let u(z) = -z**2 + 93*z + 191. Let o be u(-2). Determine g(o).
5
Let j(n) = 2*n**3 - n**2 - 5*n + 8. Let d(h) = 6*h**3 - 2*h**2 - 14*h + 21. Let o(a) = -3*d(a) + 8*j(a). Calculate o(-2).
5
Let f(q) = -15*q**2 - 107*q - 14. Let w be f(-7). Let n(c) be the third derivative of 0*c - 1/60*c**5 + 5/24*c**4 + 4*c**2 - 5/6*c**3 + w. What is n(5)?
-5
Let d(l) = l**3 + 4*l**2 + l + 10. Let n(j) = j**2. Let i(q) = -d(q) + 3*n(q). Suppose 5*c + 2*w = 3*c + 4, 3*c - 8 = -4*w. What is i(c)?
-10
Let k(f) = -f**3 - 7*f**2 + 2*f + 7. Let g(x) be the third derivative of -x**5/30 - 5*x**4/6 - 7*x**3/6 + 7*x**2. Let n be g(-10). What is k(n)?
-7
Suppose -a + 4*n = -3*a + 6, -5*n + 1 = -4*a. Let f(s) = -21*s - 17. Let r(p) = 7*p + 5. Let j(b) = -2*f(b) - 7*r(b). Calculate j(a).
-8
Let g(s) = -s**2 - s + 1. Suppose 18 = 8*c - 6. Suppose -4*b - 4 = -c*b. Give g(b).
-11
Let l(i) = 7*i - 3*i**2 + 4*i**2 + 3 + 0 + 2. Suppose -3 - 7 = t. Let k = 5 + t. Determine l(k).
-5
Suppose -a = 2*s - 37 - 5, 201 = 4*a - 3*s. Let v = 49 - a. Let b(u) = -6*u**3 - u. Give b(v).
-7
Suppose 5*t = -c + 4, 2*t + t - 3 = 0. Let u(a) = 729 + 3*a + 0*a**2 - 730 - 4*a - a**2. Calculate u(c).
-1
Let w = -18 + 11. Let i(z) = 7*z + 0 + 12 + z**2 - 16. What is i(w)?
-4
Let c(j) = -3*j - 6. Suppose -8*b = -13*b + 45. Suppose -4*k + 4*l = -5 - 15, 10 = -5*l. Suppose 0 = 5*w - 20, -k*y = -4*w + 37 - b. Give c(y).
6
Let c(o) = o**3 - 12*o**2 + 14*o - 31. Let h be c(11). Let z be h/4*2*7. Let v(x) = 3*x + 3. Determine v(z).
24
Suppose 0 = -105*f + 103*f. Let w(u) = -1 - u + 5*u**2 + 0 - 5*u**2 - u**2. Determine w(f).
-1
Let k(r) be the first derivative of -1/60*r**5 + 0*r**2 - 1/24*r**4 + 12 + 0*r - 5/3*r**3. Let x(o) be the third derivative of k(o). Determine x(2).
-5
Let d(v) = 5*v**3 + 21*v**2 - 4*v + 6. Let z(l) = 2*l**3 + 7*l**2 - l + 2. Let c(i) = 3*d(i) - 8*z(i). Let w be (27/6)/((-21)/(-28)). Calculate c(w).
14
Let p(v) = -9*v**2 + v - 1. Let n(w) = -10*w**2 + 2*w - 1. Let b(c) = 5*n(c) - 6*p(c). Let q(x) = -x**2 + 1. Let o(h) = b(h) + 5*q(h). Give o(5).
1
Let y(z) = 6*z - 1. Let a be (56/(-16))/((-1)/(-6)). Let c(p) = p. Let l(r) = a*c(r) + 3*y(r). Suppose 0 = -6*q - 6 - 6. What is l(q)?
3
Let g(i) = -i**3 - 10*i**2 + 10*i - 3. Let y be g(-11). Let h(k) = -5*k + 11. Let j(l) = 2*l - 4. Let s(z) = y*j(z) + 3*h(z). Determine s(-1).
0
Let y(l) = -19*l + 69. Let a be y(4). Let i(r) = -r**2 - 13*r - 9. Give i(a).
33
Let c(r) = r**2 - 8*r + r**2 - 3*r**2 + 3*r - 5. Let o(f) = 3*f**2 + 12*f + 12. Let s(g) = -12*c(g) - 5*o(g). Give s(1).
-3
Let j(b) = -3*b**2 + 3*b. Let h be j(2). Let a = -5 - h. Let m(l) = -l**2 - 1. Calculate m(a).
-2
Suppose 2*f + 4 = -0*f + 4*r, 4 = -3*f + 5*r. Let g(q) be the third derivative of -f*q**2 + 0 + 0*q + 1/12*q**5 - 1/6*q**3 + 1/24*q**4. What is g(1)?
5
Let u(l) = -4*l**3 - 22*l**2 + 6*l - 2. Let w(s) = -3*s**3 - 19*s**2 + 4*s - 2. Let o(k) = 4*u(k) - 5*w(k). Give o(7).
30
Let k(x) be the second derivative of 1/6*x**3 + 0 - 4*x**2 + 6*x + 5/8*x**4. Let f(g) be the first derivative of k(g). Give f(1).
16
Let d be -3 + (0 - (-18)/2). Let p(g) be the second derivative of 1/12*g**4 + 0 - 7/6*g**3 + 4*g**2 + 10*g. What is p(d)?
2
Let g(r) = -r**3 - r + 1. Let p(n) = 4*n**3 - 4*n**2 + 4*n - 6. Let b(j) = 5*g(j) + p(j). Let w = 32 - 35. Calculate b(w).
-7
Let z(w) = -1 + w**2 + 6*w - w**2 + w**2 - 3*w. Suppose 3*l - 5 = 2*l. Let q(f) = -2*f + 6. Let j be q(l). Determine z(j).
3
Let z = 1419 - 1419. Let p(n) = -2*n + 23. Let h(i) = -i + 12. Let w(s) = -5*h(s) + 2*p(s). Determine w(z).
-14
Let k(g) = -2*g - 6. Let n(j) = 4*j + 15. Suppose 0 = -5*o - 24 - 1. Let c be n(o). Give k(c).
4
Let x(g) = 5*g - 7. Let w(a) = -4*a + 9. Let f(z) = 4*w(z) + 5*x(z). Give f(-2).
-17
Let b(f) = 4*f - 10. Let t(d) = -d**3 + d**2 + 5*d - 7. Let c be t(0). What is b(c)?
-38
Let c(n) be the first derivative of n**3/3 - n**2 - 4*n - 2. Let i(z) = -z + 4. Let g be -1 - (3/(-9) + (-6)/9). Let u be i(g). What is c(u)?
4
Let b be 2 + 1 + (3 - -2). Let d(y) = -y**2 +